r when 34155009 is divided by 1800?
9
What is the remainder when 67906543 is divided by 1934?
1869
Calculate the remainder when 293549 is divided by 328.
317
What is the remainder when 3581788 is divided by 108508?
1024
Calculate the remainder when 1150175 is divided by 1150158.
17
Calculate the remainder when 27029 is divided by 8859.
452
What is the remainder when 60660491 is divided by 3902?
3901
What is the remainder when 8905773 is divided by 4444?
4441
Calculate the remainder when 2338159365 is divided by 24.
21
Calculate the remainder when 11172412 is divided by 1596056.
20
Calculate the remainder when 37979 is divided by 1206.
593
Calculate the remainder when 135035994 is divided by 2459.
9
What is the remainder when 125170 is divided by 41505?
655
Calculate the remainder when 63563 is divided by 21147.
122
Calculate the remainder when 140097 is divided by 100.
97
What is the remainder when 819486718 is divided by 7904?
7902
Calculate the remainder when 4156 is divided by 294.
40
What is the remainder when 247068 is divided by 82353?
9
What is the remainder when 337320 is divided by 68?
40
What is the remainder when 582694 is divided by 42?
28
Calculate the remainder when 27554520 is divided by 4592420.
0
What is the remainder when 16459 is divided by 56?
51
Calculate the remainder when 32710920 is divided by 2738.
34
What is the remainder when 647005 is divided by 1721?
1630
Calculate the remainder when 447127 is divided by 446388.
739
What is the remainder when 283999 is divided by 1764?
1759
Calculate the remainder when 265364263 is divided by 53.
47
What is the remainder when 18243 is divided by 5837?
732
What is the remainder when 6659926 is divided by 198?
196
What is the remainder when 91316 is divided by 1556?
1068
What is the remainder when 2902756 is divided by 20?
16
What is the remainder when 437657 is divided by 458?
267
What is the remainder when 4744057 is divided by 296499?
73
Calculate the remainder when 114527756 is divided by 15.
11
What is the remainder when 908341 is divided by 234?
187
Calculate the remainder when 2674264 is divided by 46.
8
Calculate the remainder when 66816371 is divided by 11.
6
What is the remainder when 13461 is divided by 5678?
2105
Calculate the remainder when 119836 is divided by 56923.
5990
Calculate the remainder when 3178618 is divided by 432.
394
Calculate the remainder when 11140 is divided by 767.
402
Calculate the remainder when 2528161 is divided by 1312.
1249
Calculate the remainder when 31016 is divided by 174.
44
Calculate the remainder when 27009 is divided by 3704.
1081
Calculate the remainder when 7845064 is divided by 74010.
4
Calculate the remainder when 18348966 is divided by 11.
9
Calculate the remainder when 1224738 is divided by 55.
53
Calculate the remainder when 2772881 is divided by 5.
1
Calculate the remainder when 30917 is divided by 30191.
726
What is the remainder when 1219293 is divided by 304814?
37
Calculate the remainder when 275767 is divided by 34.
27
What is the remainder when 11143813 is divided by 2228740?
113
What is the remainder when 718718 is divided by 829?
804
What is the remainder when 223930431 is divided by 4381?
4378
Calculate the remainder when 42104557 is divided by 16.
13
Calculate the remainder when 1436587 is divided by 279.
16
Calculate the remainder when 169354 is divided by 20507.
5298
Calculate the remainder when 232480 is divided by 15434.
970
Calculate the remainder when 715686 is divided by 5040.
6
Calculate the remainder when 639513 is divided by 12539.
24
Calculate the remainder when 23803927 is divided by 119.
0
Calculate the remainder when 171480658 is divided by 288.
274
What is the remainder when 4958511 is divided by 30?
21
What is the remainder when 19419421 is divided by 213?
211
What is the remainder when 986590 is divided by 2504?
14
Calculate the remainder when 3870929 is divided by 698.
519
Calculate the remainder when 2135647 is divided by 1067662.
323
What is the remainder when 3227106 is divided by 2124?
750
What is the remainder when 131170883 is divided by 242909?
23
Calculate the remainder when 2971205 is divided by 297119.
15
Calculate the remainder when 9460143 is divided by 1057.
1050
What is the remainder when 898593 is divided by 1876?
1865
What is the remainder when 243759648 is divided by 56?
48
What is the remainder when 4213 is divided by 44?
33
What is the remainder when 5465662 is divided by 117?
7
Calculate the remainder when 186030 is divided by 529.
351
Calculate the remainder when 168913876 is divided by 294.
292
Calculate the remainder when 7904113 is divided by 480.
433
What is the remainder when 17614716 is divided by 11926?
14
Calculate the remainder when 12662010 is divided by 2973.
3
Calculate the remainder when 59212 is divided by 58698.
514
What is the remainder when 17209818 is divided by 3187?
18
What is the remainder when 15283430 is divided by 246506?
58
What is the remainder when 17332153 is divided by 274?
9
Calculate the remainder when 3547895 is divided by 1317.
1214
Calculate the remainder when 145468 is divided by 570.
118
Calculate the remainder when 43968630 is divided by 562.
560
Calculate the remainder when 794153159 is divided by 162.
161
Calculate the remainder when 1886443 is divided by 48.
43
Calculate the remainder when 79408 is divided by 212.
120
What is the remainder when 12811 is divided by 1427?
1395
Calculate the remainder when 988444 is divided by 12.
4
What is the remainder when 76458186 is divided by 249?
246
Calculate the remainder when 138027 is divided by 702.
435
What is the remainder when 1461136 is divided by 132?
28
Calculate the remainder when 4963244 is divided by 663.
26
What is the remainder when 32966 is divided by 32704?
262
What is the remainder when 75061 is divided by 975?
961
Calculate the remainder when 5832102 is divided by 142246.
16
What is the remainder when 1920671 is divided by 9146?
11
Calculate the remainder when 1413252 is divided by 5839.
214
Calculate the remainder when 51045759 is divided by 3394.
3393
Calculate the remainder when 1507018 is divided by 1506735.
283
What is the remainder when 106370493 is divided by 1632?
1629
Calculate the remainder when 39432872 is divided by 305.
32
What is the remainder when 806925 is divided by 14437?
12890
What is the remainder when 17161642 is divided by 3277?
3270
Calculate the remainder when 12391 is divided by 3998.
397
Calculate the remainder when 82465 is divided by 82396.
69
What is the remainder when 74286 is divided by 1995?
471
What is the remainder when 85270176 is divided by 42635050?
76
Calculate the remainder when 1106174 is divided by 779.
773
What is the remainder when 43539470 is divided by 21769732?
6
Calculate the remainder when 7834683 is divided by 205.
198
What is the remainder when 39417383 is divided by 20659?
11
Calculate the remainder when 726927 is divided by 1775.
952
What is the remainder when 17051407 is divided by 592?
31
Calculate the remainder when 22697 is divided by 5490.
737
What is the remainder when 32788 is divided by 16000?
788
What is the remainder when 231139 is divided by 1236?
7
What is the remainder when 2321986 is divided by 40034?
14
Calculate the remainder when 3009882 is divided by 207.
102
What is the remainder when 707145 is divided by 4286?
4241
Calculate the remainder when 2737487 is divided by 749.
641
Calculate the remainder when 393827 is divided by 1486.
37
What is the remainder when 266350 is divided by 1171?
533
What is the remainder when 2617119 is divided by 48465?
9
What is the remainder when 392516 is divided by 30176?
228
Calculate the remainder when 2393907 is divided by 1985.
1982
What is the remainder when 1167890 is divided by 1167884?
6
Calculate the remainder when 17704152 is divided by 1545.
1542
What is the remainder when 1242526 is divided by 207072?
94
What is the remainder when 649492 is divided by 49948?
168
Calculate the remainder when 12974579 is divided by 3243568.
307
What is the remainder when 13317 is divided by 1550?
917
What is the remainder when 494297 is divided by 37991?
414
What is the remainder when 1472323 is divided by 245386?
7
What is the remainder when 1362159 is divided by 488?
151
Calculate the re